+ 0*f - 9*f**2 + 1/60*f**5 - 2/3*f**3. Determine h(-6).
2
Suppose -3*i + 5*h + 5 = 0, -2*i + 6*i + 4*h = -4. Suppose -16 = -4*o - i*o. Let v(j) = 2 + j + 2 - o. Calculate v(3).
3
Let s(q) be the third derivative of 17*q**4/24 - q**3/6 + 7*q**2. Determine s(-1).
-18
Let t = 17 + -13. Let x(k) = k - 3*k**3 + 2*k**3 - 4*k + 5*k**2 - 2. Calculate x(t).
2
Let v(g) be the second derivative of -1/6*g**3 + g - g**2 + 0. Calculate v(-5).
3
Let r(x) = 3*x**2 - 2*x + 4. Let o(y) = -1. Let n(m) = 5*o(m) + r(m). Let j(q) = -q**3 - 8*q**2 - 7*q + 2. Suppose 0*a = 3*a + 21. Let c be j(a). What is n(c)?
7
Let c(d) be the second derivative of d**4/12 - 7*d**2/2 - 11*d. Determine c(0).
-7
Let f = -6 + 10. Suppose -4*z - 45 = 5*t - 9*z, f*z = 2*t + 24. Let a(n) = n**2 + 6*n - 4. Calculate a(t).
-4
Let v(p) = -4*p**2 - 3 + 6*p**2 - 5*p + p**2 + p**3. Calculate v(-4).
1
Let f(j) = 2*j**2 - 3*j + 2. Let r be f(-2). Let i(q) = q + q**2 + 11 - 2*q**2 + 4*q - r. Give i(4).
-1
Let u(p) = -2*p**3 + 4*p**2 - 3*p + 1. Suppose 0 = 11*j - 12*j + 2. Give u(j).
-5
Let i(n) = -n**2 + 8*n - 1. Let y(z) = z**3 + z**2 + z + 7. Let d be y(0). Determine i(d).
6
Suppose -16*o = -16 + 80. Let y(x) = x**3 + 5*x**2 + x - 4. Give y(o).
8
Let r(f) be the third derivative of -3*f**4/8 - 3*f**2. Let x(o) = -8*o. Suppose 15 = t - 6*t. Let c(q) = t*x(q) + 2*r(q). Calculate c(-1).
-6
Let p(g) = 2*g - 4. Let u(b) = 6*b**2 - 1. Let f be u(1). Give p(f).
6
Suppose 0 = -5*o + 2 + 3. Let y(p) be the third derivative of 7*p**6/120 + p**5/60 - p**3/6 + p**2. What is y(o)?
7
Suppose -20 = 4*d - 0*d. Let k(o) = o + 0 - 1 + 2. Calculate k(d).
-4
Let d(c) = c - 3. Let z = -2 + 2. Give d(z).
-3
Let i(u) = -3*u - 1. Let v(q) = q - 3 + 4 + 0*q. Let z(m) = 2*i(m) + 4*v(m). Let h(p) = p**3 + 5*p**2 + 5*p + 2. Let c be h(-3). Determine z(c).
-8
Let g(a) = -a - 4. Let k be 3/((-9)/2)*-3. Suppose 2*p - 7 = -5*f + 2, f = p + 13. Let d = k + p. Give g(d).
2
Let n(m) = 7 + 6*m**2 + 2*m - m**3 + 2*m + 3*m. Calculate n(7).
7
Let q(j) = -2*j - 1. Let g(i) = i. Let h(m) = 6*g(m) + q(m). Give h(-1).
-5
Let h(l) = -2*l**3 + 9*l**2 - 19*l + 5. Let f(a) = a**3 - 5*a**2 + 9*a - 2. Let q(y) = -7*f(y) - 3*h(y). Give q(7).
6
Let f(u) = u**2 + 6*u + 3. Let m(d) = -d. Let j(o) = o**2 + o + 6. Let c be j(0). Let z = 11 - c. Let i be m(z). What is f(i)?
-2
Let n(z) = 10*z**2 - z - 1. Suppose 17 = 5*s + 47. Let t = 5 + s. Determine n(t).
10
Let c(q) = 2*q - 1. Let f be -1 + 6 + -2 + 0. Let x = 9 + -8. Suppose -f*w + 8 = -5*s, 3*s + 5*w - 3*w + x = 0. Give c(s).
-3
Let u(q) = -16*q**2 + 22*q + 2. Let r(a) = -5*a**2 + 7*a + 1. Let w(m) = 10*r(m) - 3*u(m). Determine w(4).
-12
Let p(h) be the third derivative of h**7/840 + 7*h**6/360 - h**5/12 - 5*h**4/12 - 5*h**3/6 + 3*h**2. Let u(n) be the first derivative of p(n). What is u(-8)?
6
Let a be 2 + 0 + (-1 - -12). Let t(c) = -c**3 - 3*c**2 - 12*c - 4*c**2 + a + 7*c - 5. What is t(-6)?
2
Let h(f) = -f. Suppose -2*b + 0*b + 3*w + 3 = 0, -2*w = -2. Let u be h(b). Let r(g) = -1. Let k(s) = -s + 3. Let m(i) = -k(i) - 5*r(i). What is m(u)?
-1
Let a(p) = -2*p - 3. Suppose -32 = -4*g - 4*t, -5*g + 2*t = -0*t - 5. Suppose -24 = -0*v + 3*v. Let s = g + v. Determine a(s).
7
Let r(z) = z**3 + 5*z**2 - 8*z + 3. Suppose -21*j + 18*j = 18. What is r(j)?
15
Let t(u) = -9*u**3 + u + 1. Let f(n) = n**3 + 6*n**2 - 2*n - 10. Let d be f(-6). Suppose 0*y = 2*y + d. Give t(y).
9
Let v(b) = 1 + b**3 + 6*b**2 - b + 4*b + 0*b. Let n be 135/(-25) + ((-4)/(-10) - 1). Calculate v(n).
-17
Let o be (-14)/(-70) - 18/(-10). Let z be (-2 + 1)/(2/(-4)). Let s(a) = a**2 + 0*a + 0*a**z + a. Determine s(o).
6
Let p(d) = -3*d + 6. Let r be 0*-1*4/8. Suppose 0*o + o - 5 = r. What is p(o)?
-9
Let w(v) = v**2 - 5*v + 3. Suppose -3*u + l = 2*l - 12, 17 = u - 4*l. What is w(u)?
3
Let w = 1 + -4. Let o(j) be the first derivative of j**6/360 + j**5/40 - j**4/24 + 2*j**3/3 + 3. Let f(y) be the third derivative of o(y). Give f(w).
-1
Let c(a) = 6*a - 5*a**2 - 3*a**3 + 6*a**3 - 4*a**3 + 2. Give c(-6).
2
Suppose -6*x - 8 = -2*x. Let l(z) = z**3 + 2*z**2 + z + 1. Give l(x).
-1
Suppose 4*d - 2*s = -44, -5*s + 4*s + 4 = 0. Let m = 14 + d. Let c(k) = -k + 3*k - m*k. Give c(2).
-6
Let a(f) = 1 - 2*f + 0 - f**3 + 0 + 4*f**2. Suppose -20 = 19*p - 24*p. What is a(p)?
-7
Let x(s) = -s**2 + 8*s - 8. Let t be -5 + (1 - -3) + 7. Calculate x(t).
4
Let j(x) be the second derivative of x**7/2520 + x**6/240 + x**4/4 + 4*x. Let v(u) be the third derivative of j(u). What is v(-5)?
10
Let x(t) = -t + 5. Let z(w) = w**2 + w - 5. Let c be 0*(1 - (-4)/(-3)). Let y be z(c). Calculate x(y).
10
Let p = -44/3 + 15. Let t(l) be the second derivative of 0 - l + p*l**3 + 1/12*l**4 + l**2. Give t(-2).
2
Suppose -3*w - 5*f = 4, 2*w + f = 1 + 1. Let d(m) be the first derivative of -5*m + 2 + m**w - 1/4*m**4 + 5/3*m**3. Determine d(5).
5
Let k(m) = 2*m**3 + 8*m**2 + 7. Let a(t) = t**3 + 4*t**2 + 3. Let d(o) = 13*a(o) - 6*k(o). Calculate d(-3).
6
Let t be 20/(-60) - (-13)/3. Let j(b) = -b**2 + 6*b + 2. What is j(t)?
10
Let l(r) be the second derivative of -r**4/24 - r**3/6 - r**2/2 + 2*r. Let u(c) be the first derivative of l(c). What is u(-3)?
2
Let j be (18/15)/(6/(-15)). Let m(a) = -a + 3. Determine m(j).
6
Let x(y) = -y + 5. Let b be -4*((-27)/12 + 2). Suppose -2*o = -9 - b. What is x(o)?
0
Let t(x) = -42 + 5*x + 22 + 19. Calculate t(-1).
-6
Let b(o) be the second derivative of o**5/60 + o**4/8 - o**3/3 + o**2 + 2*o. Let j(r) be the first derivative of b(r). What is j(-5)?
8
Let z(c) = 9*c - 2. Let g(p) = -17*p + 4. Let n(o) = 6*g(o) + 11*z(o). Calculate n(3).
-7
Suppose -2*o + 3 + 2 = 3*k, 1 = o. Let i(f) = 5*f - 1. Let y be i(k). Let b = y + 1. Let s(z) = z**2 - 5*z - 3. Calculate s(b).
-3
Suppose 4*i = -0*i. Let o(j) be the second derivative of j**4/12 + j**3/6 - 4*j**2 - 48*j. Give o(i).
-8
Let o be (2/4 - 1)*0. Suppose y + 2*y + 18 = o. Let c(x) be the first derivative of x**3/3 + 5*x**2/2 - 4*x - 4. What is c(y)?
2
Let j(k) = 2 - k**2 + 5 + 1 - k + 2*k. Give j(0).
8
Let k = 190 - 186. Let y(x) = -x - 7. Let f(g) = 9*g + 21. Let s(l) = -14*l - 31. Let h(u) = 8*f(u) + 5*s(u). Let q(b) = -3*h(b) - 5*y(b). Determine q(k).
-8
Let r(u) = u**3 - 6*u**2 + 6*u - 4. Let b be r(4). Let k = -22 + 14. Let c = b - k. Let t(w) = w**3 + 4*w**2 + w + 1. Calculate t(c).
-3
Let l(g) = g**3 + 15*g - g - 8 - 8*g**2 - 5*g. Calculate l(7).
6
Let o(n) = 1 + 1 - 2 - 3 - 4*n. Give o(-5).
17
Suppose -62 = 4*v - 2*z, -2*z + 0*z + 28 = -2*v. Let l = 17 + v. Let r(a) be the third derivative of -a**5/60 - a**4/24 + a**3/3 + 2*a**2. Determine r(l).
2
Let x = -6 + 10. Let i(f) = -2 + x*f + 6 - f**2 - 2*f. What is i(4)?
-4
Let x(v) = -3*v**2 - 4*v + v - v**3 - 5*v - 2. Let u(y) = y**2 + y + 1. Let r(a) = -6*u(a) - x(a). Give r(3).
2
Let b = -8 - 10. Let p = b - -22. Let i(n) = n**2 - 2*n. Determine i(p).
8
Let n(v) be the third derivative of -v**6/120 + v**5/20 + v**4/8 - v**3/6 + 2*v**2. Let h be (2/(-5))/(1/(-10)). Determine n(h).
-5
Suppose 0 = -r + 1 + 3. Suppose 5*w - 22 = 2*m, -2 = -2*w + r*m - 6. Let x(y) = -y + 6. Give x(w).
0
Let c(x) = 2*x**3 - 3*x**2 + x + 1. Suppose 0 = 5*v - p - 16 - 0, 0 = -5*v + 3*p + 8. Suppose -v*r - r = 0. Suppose r = -0*s - 2*s + 4. Calculate c(s).
7
Let v(r) = 3*r**3 - r**2 - r - 1. Let p = -36 - -35. Calculate v(p).
-4
Let k(z) = 7 - 2 - 4*z + z. Let x = 14 - 9. Suppose -4 = -x*s + 16. Calculate k(s).
-7
Suppose x - 5*x - 16 = 0. Let u = x - -4. Let o(d) = -d**3 + d**2 + d - 7. Calculate o(u).
-7
Let k = 4 - 2. Let t(f) be the first derivative of f**2 - 3*f + 18. Calculate t(k).
1
Let o(a) = 39*a**2 + 9*a + 2. Let w(h) = -19*h**2 - 4*h - 1. Let d(g) = 2*o(g) + 5*w(g). What is d(-1)?
-16
Let v(u) be the first derivative of -u**4/6 - u**3/6 - u - 2. Let s(w) be the first derivative of v(w). Determine s(-1).
-1
Suppose 5*r = -m - 3, 3*r + 2*r + 12 = -4*m. Let b(w) be the third derivative of 0*w**5 - w**3 + r*w**4 + 0*w + 0 + 2*w**2 - 1/120*w**6. Calculate b(0).
-6
Let b(o) = -o + 1. Let s = 29 - 36. Give b(s).
8
Let f(l) = l - 2. Let w(k) = k - 6. Let z be w(6). Let t be f(z). Let x(b) be the second derivative of 2*b**3/3 + b**2 - 3*b. What is x(t)?
-6
Let p(t) = -t - 6. Suppose -2*v + o + 3 = -4*v, 2*v - 6 = 2*o. Let q(f) = -2*f + v*f**2 - 3*f**2 + 4 +